ivide 3693165?
False
Is 23 a factor of 1885090?
False
Is 201 a factor of 18131?
False
Is 5 a factor of 42969?
False
Is 6819806 a multiple of 93?
False
Is 375319 a multiple of 105?
False
Is 1055980 a multiple of 148?
True
Is 105 a factor of 43349?
False
Is 67 a factor of 494929?
True
Is 1128057 a multiple of 7?
True
Is 30 a factor of 936060?
True
Is 760260 a multiple of 40?
False
Is 744110 a multiple of 18?
False
Is 1143112 a multiple of 172?
True
Is 60 a factor of 1068017?
False
Is 1986249 a multiple of 49?
False
Is 10 a factor of 7492?
False
Is 203 a factor of 2571986?
False
Is 28 a factor of 4690728?
True
Is 15510573 a multiple of 70?
False
Is 2047088 a multiple of 201?
False
Is 2160474 a multiple of 1814?
True
Is 115374 a multiple of 41?
True
Is 18 a factor of 1526673?
False
Is 15 a factor of 1246916?
False
Does 16 divide 126832?
True
Does 43 divide 34400602?
True
Is 100 a factor of 104107?
False
Is 78173 a multiple of 50?
False
Is 610748 even?
True
Does 43 divide 1458836?
False
Is 1380887 a multiple of 18?
False
Is 6867586 a multiple of 18?
False
Is 3472700 a multiple of 82?
True
Is 43160 a multiple of 20?
True
Is 55 a factor of 2533740?
True
Is 112 a factor of 271405?
False
Does 38 divide 2502880?
False
Is 301258 a multiple of 114?
False
Is 3 a factor of 10899?
True
Is 29496 a multiple of 142?
False
Is 1928699 a multiple of 679?
False
Does 121 divide 177885?
False
Is 93 a factor of 411429?
False
Does 56 divide 543974?
False
Does 25 divide 56357?
False
Is 2945476 a multiple of 9?
False
Is 58 a factor of 92768?
False
Is 1753 a factor of 7197818?
True
Is 72 a factor of 91152?
True
Is 15 a factor of 448209?
False
Is 378429 a multiple of 46?
False
Does 288 divide 274145?
False
Does 60 divide 131580?
True
Is 37 a factor of 269656?
True
Is 273559 a multiple of 47?
False
Does 24 divide 525473?
False
Is 19 a factor of 1996843?
True
Is 510260 a multiple of 170?
False
Does 159 divide 111845?
False
Is 407040 a multiple of 80?
True
Is 262 a factor of 122878?
True
Does 2700 divide 15325200?
True
Is 12303 a multiple of 24?
False
Is 1931552 a multiple of 224?
True
Is 12110715 a multiple of 177?
False
Is 375463 a multiple of 297?
False
Is 2370704 a multiple of 488?
True
Is 23 a factor of 207299?
True
Is 4041 a multiple of 10?
False
Is 26 a factor of 311?
False
Does 35 divide 12762995?
True
Is 88075 a multiple of 63?
False
Is 38573 a multiple of 4?
False
Is 53 a factor of 1675012?
True
Is 999152 a multiple of 22?
True
Does 27 divide 128223?
True
Is 818694 a multiple of 109?
False
Is 17 a factor of 6258740?
False
Is 11 a factor of 333575?
True
Is 2968 a multiple of 53?
True
Does 134 divide 446473?
False
Is 64 a factor of 22601?
False
Does 55 divide 1282490?
True
Is 23 a factor of 71300?
True
Does 502 divide 1650904?
False
Is 247486 a multiple of 23?
False
Is 951000 a multiple of 60?
True
Is 83 a factor of 19256?
True
Is 248326 a multiple of 26?
True
Is 22 a factor of 245096?
False
Is 708471 a multiple of 71?
False
Is 6 a factor of 22253?
False
Is 14 a factor of 10073266?
True
Is 971369 a multiple of 38?
False
Is 1244258 a multiple of 15?
False
Does 47 divide 462571?
False
Is 325278 a multiple of 9?
True
Does 6 divide 65370?
True
Is 3657203 a multiple of 34?
False
Does 2335 divide 14764205?
True
Does 7 divide 59804?
False
Does 17 divide 2182066?
False
Is 42 a factor of 356790?
True
Does 5 divide 6308?
False
Does 11 divide 215273?
False
Does 30 divide 68130?
True
Is 21 a factor of 884499?
True
Is 13 a factor of 49315?
False
Does 244 divide 1428562?
False
Is 161430 a multiple of 12?
False
Is 1073250 a multiple of 270?
True
Is 5344164 a multiple of 63?
True
Is 9631146 a multiple of 697?
True
Is 17099 a multiple of 20?
False
Is 157 a factor of 122225?
False
Does 177 divide 475776?
True
Is 453 a factor of 4983?
True
Is 440610 a multiple of 3?
True
Is 79980 a multiple of 5?
True
Is 221 a factor of 562717?
False
Is 160874 a multiple of 3?
False
Does 6 divide 87306?
True
Is 68534 a multiple of 169?
False
Does 12 divide 96695?
False
Is 14 a factor of 1522073?
False
Is 8 a factor of 9736?
True
Does 323 divide 203167?
True
Is 143525 a multiple of 47?
False
Is 23335 even?
False
Does 5 divide 131232?
False
Is 961704 a multiple of 19?
True
Is 37 a factor of 3694605?
False
Is 377 a factor of 2032607?
False
Does 2 divide 20852?
True
Does 46 divide 32708?
False
Does 137 divide 1465656?
False
Is 13551168 a multiple of 192?
True
Is 108129 a multiple of 37?
False
Is 3 a factor of 92630?
False
Does 28 divide 840532?
True
Is 1318682 a multiple of 16?
False
Is 20 a factor of 367097?
False
Is 74 a factor of 548414?
True
Does 619 divide 1379407?
False
Does 16 divide 7466127?
False
Does 7 divide 230923?
True
Does 1091 divide 3054417?
False
Is 120671 even?
False
Is 26 a factor of 4768738?
True
Is 281 a factor of 1057965?
True
Is 30 a factor of 3498313?
False
Is 132341 even?
False
Does 3 divide 691358?
False
Is 3722472 a multiple of 78?
True
Does 26 divide 346242?
True
Is 242 a factor of 1209101?
False
Does 17 divide 2948854?
True
Does 835 divide 5642571?
False
Does 48 divide 327312?
True
Is 49 a factor of 1404733?
False
Does 19 divide 1869318?
False
Does 1269 divide 23974310?
False
Is 433134 a multiple of 2?
True
Is 16812 a multiple of 18?
True
Does 17 divide 5005067?
False
Is 34 a factor of 275774?
True
Is 897982 a multiple of 255?
False
Is 20 a factor of 2527092?
False
Does 215 divide 1561571?
False
Is 35 a factor of 1851819?
False
Is 47 a factor of 12713?
False
Does 595 divide 2515683?
False
Is 14 a factor of 2662883?
False
Does 20 divide 208344?
False
Does 14 divide 296856?
True
Does 1138 divide 11169470?
True
Is 7 a factor of 55273?
False
Does 57 divide 86298?
True
Is 634335 a multiple of 163?
False
Is 1840039 a multiple of 41?
True
Is 6386688 a multiple of 26?
False
Does 367 divide 620964?
True
Does 85 divide 136850?
True
Does 7 divide 139748?
True
Is 24 a factor of 91015?
False
Is 1283388 a multiple of 40?
False
Is 439213 a multiple of 12?
False
Is 108528 a multiple of 4?
True
Is 2169637 a multiple of 44?
False
Is 4524080 a multiple of 11?
True
Is 424 a factor of 59360?
True
Is 8 a factor of 209832?
True
Does 194 divide 55096?
True
Is 15 a factor of 3211260?
True
Is 88 a factor of 1684937?
False
Does 80 divide 6066800?
True
Does 878 divide 4147672?
True
Does 11 divide 82830?
True
Is 639047 a multiple of 17?
True
Is 159885 a multiple of 323?
True
Is 145440 a multiple of 90?
True
Is 4 a factor of 1928?
True
Is 87110 a multiple of 5?
True
Is 4811755 a multiple of 1574?
False
Does 275 divide 128523?
False
Is 1621550 a multiple of 205?
True
Is 15 a factor of 153004?
False
Does 10 divide 213700?
True
Does 13 divide 133965?
True
Does 5 divide 2802923?
False
Does 1268 divide 3376168?
False
Is 1879652 a multiple of 122?
False
Does 46 divide 105840?
False
Does 6 divide 1210892?
False
Is 139637 a multiple of 5?
False
Is 21 a factor of 104223?
True
Does 120 divide 351422?
False
Does 1779 divide 7124895?
True
Does 1125 divide 2241470?
False
Is 941787 a multiple of 27?
True
Is 1052610 a multiple of 16?
False
Does 10 divide 328830?
True
Is 12 a factor of 831828?
True
Is 22980 a multiple of 101?
False
Is 29 a factor of 2637724?
True
Is 5592327 a multiple of 19?
True
Does 26 divide 1151486?
False
Does 66 divide 1409823?
False
Is 7 a factor of 9666349?
True
Does 58 divide 74418?
False
Is 476 a factor of 220558?
False
Is 332476 a multiple of 25?
False
Does 93 divide 191715?
False
Is 916 a factor of 10108981?
False
Is 1194840 a multiple of 120?
True
Is 2774234 a multiple of 1139?
False
Is 294 a factor of 3822?
True
Is 32251 a multiple of 356?
False
Is 522024 a multiple of 80?
False
Does 13 divide 247143?
True
Is 190 a factor of 527440?
True
Is 88788 a multiple of 14?
True
Is 78 a factor of 378300?
True
Is 410521 a multiple of 27?
False
Is 109 a factor of 1785529?
True
Is 303800 a multiple of 248?
True
Is 42146 a multiple of 5?
False
Does 24 divide 1317768?
True
Is 4351498 a multiple of 218?
True
Is 11 a factor of 3377?
True
Is 172617 a multiple of 15?
False
Is 48 a factor of 111456?
True
Is 5399250 a multiple of 25?
True
Does 928 divide 875058?
False
Is 32407 a multiple of 23?
True
Is 75 a factor of 600675?
True
Does 73 divide 1412795?
False
Is 17 a factor of 7742665?
False
Is 583 a factor of